t is the units digit of 575?
5
What is the ten thousands digit of 53009?
5
What is the tens digit of 989?
8
What is the hundreds digit of 50831?
8
What is the hundreds digit of 737?
7
What is the thousands digit of 27644?
7
What is the units digit of 13039?
9
What is the hundreds digit of 2689?
6
What is the thousands digit of 171562?
1
What is the tens digit of 1473?
7
What is the hundreds digit of 28445?
4
What is the units digit of 713?
3
What is the thousands digit of 5085?
5
What is the hundreds digit of 8020?
0
What is the units digit of 64343?
3
What is the hundreds digit of 419?
4
What is the hundreds digit of 14434?
4
What is the tens digit of 109?
0
What is the thousands digit of 7208?
7
What is the hundreds digit of 9218?
2
What is the tens digit of 7425?
2
What is the units digit of 6089?
9
What is the hundreds digit of 8027?
0
What is the units digit of 1876?
6
What is the hundreds digit of 161?
1
What is the units digit of 9666?
6
What is the units digit of 776?
6
What is the tens digit of 45376?
7
What is the hundreds digit of 23879?
8
What is the units digit of 76775?
5
What is the hundreds digit of 3102?
1
What is the tens digit of 8704?
0
What is the hundreds digit of 657?
6
What is the units digit of 9041?
1
What is the units digit of 30386?
6
What is the hundreds digit of 2162?
1
What is the thousands digit of 89306?
9
What is the tens digit of 170?
7
What is the thousands digit of 1520?
1
What is the ten thousands digit of 11258?
1
What is the hundreds digit of 26542?
5
What is the tens digit of 751?
5
What is the units digit of 1690?
0
What is the hundreds digit of 22385?
3
What is the tens digit of 8159?
5
What is the thousands digit of 1192?
1
What is the tens digit of 12791?
9
What is the hundreds digit of 4272?
2
What is the units digit of 65241?
1
What is the tens digit of 11720?
2
What is the units digit of 1375?
5
What is the tens digit of 2428?
2
What is the thousands digit of 1323?
1
What is the thousands digit of 3142?
3
What is the hundreds digit of 22544?
5
What is the hundreds digit of 63995?
9
What is the hundreds digit of 657?
6
What is the tens digit of 83010?
1
What is the thousands digit of 3425?
3
What is the hundreds digit of 826?
8
What is the units digit of 120?
0
What is the tens digit of 17189?
8
What is the thousands digit of 10820?
0
What is the tens digit of 49566?
6
What is the hundreds digit of 17043?
0
What is the units digit of 749?
9
What is the hundreds digit of 17800?
8
What is the hundreds digit of 860?
8
What is the units digit of 4762?
2
What is the thousands digit of 2982?
2
What is the hundreds digit of 6525?
5
What is the tens digit of 7821?
2
What is the units digit of 1023?
3
What is the units digit of 2772?
2
What is the hundreds digit of 529?
5
What is the hundreds digit of 86719?
7
What is the hundreds digit of 111?
1
What is the units digit of 559?
9
What is the ten thousands digit of 18900?
1
What is the units digit of 5643?
3
What is the tens digit of 84282?
8
What is the tens digit of 3560?
6
What is the units digit of 857?
7
What is the thousands digit of 8298?
8
What is the thousands digit of 13261?
3
What is the thousands digit of 1540?
1
What is the hundreds digit of 114160?
1
What is the tens digit of 3085?
8
What is the tens digit of 3262?
6
What is the tens digit of 6485?
8
What is the tens digit of 4387?
8
What is the thousands digit of 1675?
1
What is the thousands digit of 1666?
1
What is the units digit of 1155?
5
What is the tens digit of 46?
4
What is the tens digit of 49172?
7
What is the tens digit of 64928?
2
What is the hundreds digit of 5286?
2
What is the tens digit of 2475?
7
What is the tens digit of 186352?
5
What is the tens digit of 1125?
2
What is the hundreds digit of 879?
8
What is the hundreds digit of 2050?
0
What is the hundreds digit of 3123?
1
What is the tens digit of 8382?
8
What is the hundreds digit of 20956?
9
What is the thousands digit of 1055?
1
What is the hundreds digit of 5022?
0
What is the ten thousands digit of 60448?
6
What is the hundreds digit of 50784?
7
What is the tens digit of 76410?
1
What is the tens digit of 4722?
2
What is the thousands digit of 1133?
1
What is the tens digit of 459?
5
What is the thousands digit of 2357?
2
What is the tens digit of 1933?
3
What is the thousands digit of 2320?
2
What is the units digit of 358?
8
What is the tens digit of 11756?
5
What is the units digit of 3771?
1
What is the hundreds digit of 7988?
9
What is the hundreds digit of 5146?
1
What is the units digit of 525?
5
What is the units digit of 518?
8
What is the tens digit of 29049?
4
What is the tens digit of 1934?
3
What is the hundreds digit of 252?
2
What is the tens digit of 1305?
0
What is the hundreds digit of 11478?
4
What is the ten thousands digit of 44686?
4
What is the hundreds digit of 640?
6
What is the thousands digit of 1977?
1
What is the units digit of 45306?
6
What is the tens digit of 454?
5
What is the thousands digit of 103895?
3
What is the tens digit of 3217?
1
What is the hundreds digit of 939?
9
What is the hundreds digit of 134?
1
What is the ten thousands digit of 44598?
4
What is the hundreds digit of 6451?
4
What is the units digit of 3567?
7
What is the hundreds digit of 3559?
5
What is the thousands digit of 2776?
2
What is the thousands digit of 15826?
5
What is the thousands digit of 21945?
1
What is the units digit of 439?
9
What is the thousands digit of 3661?
3
What is the hundreds digit of 7600?
6
What is the thousands digit of 1468?
1
What is the hundred thousands digit of 133728?
1
What is the hundreds digit of 3537?
5
What is the ten thousands digit of 32854?
3
What is the hundred thousands digit of 113783?
1
What is the hundreds digit of 690?
6
What is the units digit of 1796?
6
What is the hundreds digit of 2097?
0
What is the units digit of 21623?
3
What is the tens digit of 46344?
4
What is the thousands digit of 5759?
5
What is the hundreds digit of 827?
8
What is the units digit of 12?
2
What is the thousands digit of 1340?
1
What is the units digit of 1315?
5
What is the tens digit of 56146?
4
What is the tens digit of 669?
6
What is the hundreds digit of 70849?
8
What is the thousands digit of 61973?
1
What is the thousands digit of 7269?
7
What is the thousands digit of 3859?
3
What is the thousands digit of 1878?
1
What is the units digit of 34614?
4
What is the units digit of 9012?
2
What is the ten thousands digit of 133857?
3
What is the tens digit of 6185?
8
What is the hundreds digit of 2268?
2
What is the hundreds digit of 763?
7
What is the hundreds digit of 820?
8
What is the units digit of 991?
1
What is the tens digit of 10236?
3
What is the hundreds digit of 5190?
1
What is the tens digit of 51643?
4
What is the ten thousands digit of 17071?
1
What is the tens digit of 896?
9
What is the tens digit of 115833?
3
What is the units digit of 2653?
3
What is the thousands digit of 5244?
5
What is the units digit of 3114?
4
What is the thousands digit of 91558?
1
What is the units digit of 1862?
2
What is the thousands digit of 18124?
8
What is the hundreds digit of 2856?
8
What is the units digit of 3029?
9
What is the hundreds digit of 1807?
8
What is the hundreds digit of 1263?
2
What is the ten thousands digit of 24495?
2
What is the units digit of 20304?
4
What is the hundreds digit of 2263?
2
What is the hundreds digit of 1032?
0
What is the thousands digit of 5705?
5
What is the thousands digit of 2041?
2
What is the units digit of 9979?
9
What is the hundreds digit of 75678?
6
What is the tens digit of 382?
8
What is the hundreds digit of 57643?
6
What is the hundreds digit of 604?
6
What is the units digit of 1791?
1
What is the thousands digit of 91252?
1
What is the tens digit of 666?
6
What is the thousands digit of 24115?
4
What is the units digit of 36?
6
What is the tens digit of 1731?
3
What is the hundreds digit of 1609?
6
What is the units digit of 50133?
3
What is the tens digit of 2128?
2
What is the ten thousands digit of 40184?
4
What is the hundreds digit of 975?
9
What is the hundreds digit of 4833?
8
What is the thousands digit of 8990?
8
What is the thousands digit of 17086?
7
What is the units digit of 281?
1
What is the thousands digit of 550